 326. Suppose -2*a = l + 1210 - 4281, -s = 2*a. Is l a prime number?
False
Suppose -75*t + 72*t + 97233 = 0. Is t a prime number?
True
Suppose 466228 = 2*i - 5*t, -i + 114851 = -4*t - 118272. Is i composite?
True
Suppose -4*s + 14 = -g, 1 = 5*g - 4*s + 7. Suppose -c + g = -0. Suppose c*h - 574 - 1600 = 0. Is h prime?
True
Suppose -v + 3*r + 1663 + 3171 = 0, -5*v - r + 24218 = 0. Is v composite?
True
Let s = -569617 - -907736. Is s prime?
True
Suppose 484*i - 477*i - 56483 = 0. Is -5*(-7)/35*(i + 0) a composite number?
False
Suppose -3882*n + 3888*n - 121092 = 0. Is n prime?
False
Is (-6 - (-45)/10)*5/((-15)/4618) prime?
True
Let d(x) = 40*x**2 + 57*x + 227. Let w(a) = -26*a**2 - 38*a - 151. Let p(k) = -5*d(k) - 8*w(k). Is p(-17) composite?
True
Let m(v) be the second derivative of 32*v**4 + 3*v**3/2 + 13*v**2/2 + 6*v + 4. Is m(-4) composite?
False
Let f(w) = 7*w**3 - 21*w**2 + 5*w - 4. Let q be f(7). Suppose 3*u - 14 = -152. Let v = q + u. Is v a composite number?
True
Let a = 51481 - 27164. Is a a composite number?
False
Let s = 9773 - -73274. Is s prime?
True
Suppose 0 + 1 = b. Let q(c) = 0*c + 3 + 2 + 4*c + b. Is q(8) prime?
False
Suppose 132*p - 137*p + 1966535 = 0. Is p composite?
True
Let l be (-2)/((3/(-30066))/1) - -3. Suppose -l = -u - 860. Is u composite?
True
Let m = 98856 - 41243. Is m a composite number?
True
Let g be 25/(-10) + 45/6. Is 481*(-1)/g*-5 prime?
False
Let t be 1/4 + 196/112. Let s(b) = -7 - 7*b**3 - 17*b**3 - 16*b**3 - 14*b + 7*b**t + 37*b**3. Is s(-10) composite?
False
Let x = 9 - 4. Let u = 750 - 725. Is 956/x + (20/u)/(-4) a prime number?
True
Is (240/50)/(-12) - (172092/(-5) + -3) a composite number?
False
Let c be (9/6)/(3 - 54/16). Let j(l) = -106*l**3 + 3*l**2 - 2*l + 1. Is j(c) prime?
True
Let d be ((5 + 0 + 0)*-2)/(-2). Let j(m) = 4*m**3 + 6*m**2 - 4*m + 1. Is j(d) composite?
False
Let l = 561473 - 200670. Is l composite?
False
Let y = 97165 + -48518. Is y composite?
False
Let d = 22 - 16. Let q be (208/(-39))/(2/d). Let x = 53 + q. Is x a composite number?
False
Suppose -3*m + 183491 = -6*m + 10*m. Is m a composite number?
True
Suppose -15*r + 5 = l - 16*r, l - 5*r = 17. Suppose l*b = -2 + 4, -2*x + 5*b + 7569 = 0. Is x composite?
True
Suppose 3*w + 14 = 47. Suppose -w*f + 29713 = -856. Is f prime?
False
Let i(s) = 80*s**2 - 12*s - 10. Let b be i(6). Is (5 + 7/(-2))*b prime?
False
Is 1/(2/6) - -194*(34 + 1593) composite?
True
Let v = -46967 - -115534. Is v prime?
True
Suppose -353*p + 359*p = 289194. Is p a composite number?
True
Suppose -13*x - 22211137 - 9455368 = -78*x. Is x a prime number?
True
Suppose 87520 = 16*y + 18208. Suppose 5*r - 3*j = y - 959, 5*j = 20. Is r a composite number?
False
Is (-3)/(-30)*-5*(-56633 + -9) a prime number?
False
Suppose 0 = -4*c + 14*g + 456920, 2*c + 2*g = 68281 + 160161. Is c composite?
True
Let w(q) = 33825*q**3 - 3*q**2 + 3*q. Let l be w(2). Suppose 41*t - l = 14*t. Is t a prime number?
False
Suppose -27175*d + 27150*d = -19600275. Is d a composite number?
True
Let i(v) = -11259*v - 2852. Is i(-11) prime?
True
Is 303516 + (-9 - (-6)/2) + -7 a composite number?
True
Let r(b) = 6*b**3 - 20*b**2 + 28*b + 299. Is r(26) composite?
True
Let l(g) = 9*g + 487 + 2101 + g**2 + 4188 + 2814 - 1789. Is l(0) a composite number?
True
Suppose 12*w - 6*w - 48 = 0. Is (6164/8)/(2/w*2) prime?
False
Let g(r) = 13 - 29*r + 17 - 5 - 39*r. Is g(-24) prime?
True
Let u(p) = p**2 - 15*p + 2. Let t be u(15). Suppose -t*z - 2724 = -6*z. Is z a prime number?
False
Suppose 223859 - 2635364 = -135*o. Is o composite?
False
Suppose -9452096 = 16*k - 34*k - 46*k. Is k a prime number?
True
Suppose -3 = 9*v - 12. Is v/(-9) + 605/99 - -2447 a composite number?
True
Suppose 0 = 5*x - 0*x + 3*q - 63, -3*x - 3*q + 39 = 0. Suppose x*u - 4009 = 11*u. Is u a prime number?
False
Let r = 57500 + 215751. Is r prime?
False
Is ((-1516822)/(-3))/(589/(-57) + 11) a composite number?
False
Let d(t) = 11*t**2 - 103*t + 851. Is d(81) a prime number?
True
Suppose -2*p - n = -6, 5*p + n = -5 + 20. Suppose -m - b - 4*b - 14 = 0, 5*m + p*b = -114. Let j = 10 - m. Is j a prime number?
False
Let t = 509 + -505. Suppose -t*s - 8755 = -3*g, -4*g + 2*s + 3*s = -11672. Is g composite?
True
Let z = -654 + 239. Let d = z - -1212. Is d composite?
False
Let d(i) = i**3 + 6*i**2 + 2*i - 10. Let x be d(-5). Suppose -m + 45 + 61 = -3*n, -m = x*n + 166. Is (-13277)/n*2*1 prime?
False
Is (-2292728)/(-104) + (-102)/221 prime?
False
Is (8/(-24))/((-4360790)/726798 + 6) a prime number?
False
Suppose 4*n - 4493 + 624 = 7855. Is n composite?
True
Suppose 2*q + 187 = f, 0*f = -2*q - 5*f - 169. Let s = q + 94. Suppose 4*j = 2*b - 162, 0*b + s*b + 4*j = 186. Is b a composite number?
True
Let u(x) = 2*x**2 + 3*x - 10. Let c be u(4). Suppose c*k = 66*k - 9248. Is k prime?
False
Suppose -2 = -0*f - 2*f. Let t be (1 + -3)*(f + (-6)/4). Let l(d) = 631*d + 4. Is l(t) prime?
False
Let v(h) = -h**3 + 12*h**2 - 20*h + 5. Let m be v(10). Suppose -5257 = -3*u + m*p, 4*p = -5*u + p + 8807. Is u a prime number?
True
Let u = -13 - -11. Let y be (16/(-4) + u)*(2 + -8). Is (-4)/6 - -10*2274/y a composite number?
False
Let q(o) = -10*o**2 + 4*o + 1. Let a(y) = 29*y**2 - 13*y - 4. Let w(v) = 4*a(v) + 11*q(v). Is w(6) a prime number?
True
Suppose 0 = 3*j - 8596 - 8. Let q = j - 889. Is q prime?
True
Suppose -35*f = -27*f + 296. Is (-35 - f) + (-17802)/(-2) a prime number?
False
Let c be 0 + -5 + 3 - ((-308)/14 + 17). Let n(h) = 3*h + 31*h + 90*h + 10. Is n(c) prime?
False
Let a(g) = -11*g**3 - g - 2. Let u be a(-1). Let i be 2 - 13306*(-5)/u. Suppose 7*v = -i + 17834. Is v a composite number?
False
Let v(y) = -y**2 + 40*y + 130. Let m be v(43). Is (-22 + -24)*(-580)/2 - m a composite number?
False
Let f(y) = 2*y**3 - 9*y**2 - 28*y + 8. Let o be f(14). Suppose -l + o = -3781. Is l a composite number?
False
Let g(y) = 445*y + 198. Is g(65) a composite number?
False
Suppose 3*k = -5*f + 2835, 0 = f + 5*k - 604 + 15. Let t = 2966 - f. Is t a composite number?
True
Suppose -6*m = 9612 - 2424. Let h = m - -2709. Is h prime?
True
Let p = 3392 - 3603. Let j = -61 + 483. Let b = j + p. Is b a prime number?
True
Let q(i) = 102*i**2 + 30*i + 8. Let r be q(3). Suppose 8 = 3*f + 2. Is r/4*f/(12/3) a prime number?
True
Suppose 8*t - t - 66 = -38. Let q(k) = 17*k**3 - 9*k + 4. Let a be q(7). Suppose a = t*f - 17480. Is f a prime number?
True
Suppose 9*i + 5 = 10*i. Suppose -2*y = -n - 8 + 1, -y = -n - i. Suppose 0 = -3*p + 4*s + 5535, -2*p = y*p + 3*s - 7355. Is p a composite number?
True
Let k(s) = -10*s**2 + 3*s**3 - s**3 + 13 + 0 + 12*s**2. Suppose -4*w + 32 = -2*y, 2*y + 4 = -5*w + 53. Is k(w) a composite number?
True
Let u = -288 + 296. Suppose -6*g - 2954 = -u*g. Is g a composite number?
True
Suppose 69*z - 621114 = 1143423. Is z composite?
True
Let n be -3*4/(-36) - 202/(-6). Let l = 67 - n. Is l prime?
False
Suppose 2*v + 4*h + 8 = 0, -h - 18 = -3*v + 5. Is ((11708/v)/(-2))/((-2)/6) a prime number?
True
Let w(u) = 4*u + 5. Let g be w(-6). Let d = 19 + g. Suppose 10*y - 13*y + 3957 = d. Is y prime?
True
Let z = -130 + 157. Suppose 67307 = z*l - 26950. Is l a composite number?
False
Suppose k - 3*n = 115700, -2*k - n + 225884 = -5495. Is k a prime number?
False
Is 1176508070/1080 - 26/351 - (-2)/(-8) a composite number?
False
Suppose 6*n - 8 = 4. Suppose -3*m + 8 = n. Suppose -b = -m*b + 1, -5*q - 5*b + 1300 = 0. Is q a prime number?
False
Let b be 126/54 + (1 - (-2)/(-6)). Let w be 407 + (0/b)/(-4). Suppose -2*y = 75 - w. Is y a composite number?
True
Suppose 43*x = 48*x. Suppose 3*b = 2*k + 1931, x*k - 1286 = -2*b + k. Is b a prime number?
True
Suppose 0 = -78271*z + 78253*z + 10355166. Is z prime?
False
Let y(o) = 323*o - 42. Let v be 110/15*3/2. Is y(v) a prime number?
True
Let i(q) = 987*q**2 + 7*q - 13. Let m(w) = w**3 - 2*w**2 - 7. Let o be m(3). Is i(o) prime?
False
Suppose -99*x - 24 = -87*x. Is (-5)/x*(-8 - -9250) a prime number?
False
Suppose 0 = -5*b - 5*c + 26355, -5*b = -c + 3*c - 26364. Suppose 8*x = 5678 + b. Is x composite?
True
Let c(j) = -j**2 + 2*j + 3. Let n be c(0). Suppose -p + n = 17. Is (2807/p)/(2/(-4)) a prime number?
True
Let r = 175 - 175. Suppose 0*m + m + 5*h - 3708 = r, 4*m = -4*h + 14912. Is m a prime number?
True
Let v = -129 - -129. S